{"id":12,"date":"2022-02-01T12:45:36","date_gmt":"2022-02-01T10:45:36","guid":{"rendered":"http:\/\/localhost:8888\/?page_id=12"},"modified":"2025-08-18T12:39:59","modified_gmt":"2025-08-18T12:39:59","slug":"palvelut","status":"publish","type":"page","link":"https:\/\/www.saarirakentajat.fi\/index.php\/palvelut\/","title":{"rendered":"Palvelut"},"content":{"rendered":"\n<div class=\"wp-container-1 wp-block-group\"><div class=\"wp-block-group__inner-container\">\n<p class=\"has-text-align-center\" style=\"font-size:28px;font-style:normal;font-weight:900\"><strong>SAARIRAKENTAJAT OVAT APUNASI<\/strong><\/p>\n<\/div><\/div>\n\n\n\n<div class=\"alignnormal\"><div id=\"metaslider-id-201\" style=\"width: 100%;\" class=\"ml-slider-3-107-0 metaslider metaslider-flex metaslider-201 ml-slider has-dots-nav ms-theme-default\" role=\"region\" aria-label=\"New Slideshow\" data-height=\"300\" data-width=\"700\">\n    <div id=\"metaslider_container_201\">\n        <div id=\"metaslider_201\">\n            <ul class='slides'>\n                <li style=\"display: block; width: 100%;\" class=\"slide-206 ms-image \" aria-roledescription=\"slide\" data-date=\"2022-03-31 09:22:40\" data-filename=\"saarirak-palvelut-kuva-2-700x300.jpg\" data-slide-type=\"image\"><img src=\"https:\/\/www.saarirakentajat.fi\/wp-content\/uploads\/2022\/04\/saarirak-palvelut-kuva-2-700x300.jpg\" height=\"300\" width=\"700\" alt=\"Laituri saarimaisemassa, P\u00e4ij\u00e4nne\" class=\"slider-201 slide-206 msDefaultImage\" title=\"saarirakentajat.fi\" \/><\/li>\n                <li style=\"display: none; width: 100%;\" class=\"slide-205 ms-image \" aria-roledescription=\"slide\" data-date=\"2022-03-31 09:22:34\" data-filename=\"saarirak-palvelut-kuva-3-612x262.jpg\" data-slide-type=\"image\"><img src=\"https:\/\/www.saarirakentajat.fi\/wp-content\/uploads\/2022\/04\/saarirak-palvelut-kuva-3-612x262.jpg\" height=\"300\" width=\"700\" alt=\"M\u00f6kki saarimaisemassa, P\u00e4ij\u00e4nne\" class=\"slider-201 slide-205 msDefaultImage\" title=\"saarirakentajat.fi\" \/><\/li>\n                <li style=\"display: none; width: 100%;\" class=\"slide-207 ms-image \" aria-roledescription=\"slide\" data-date=\"2022-03-31 09:22:43\" data-filename=\"saarirak-palvelut-kuva-1-700x300.jpg\" data-slide-type=\"image\"><img src=\"https:\/\/www.saarirakentajat.fi\/wp-content\/uploads\/2022\/04\/saarirak-palvelut-kuva-1-700x300.jpg\" height=\"300\" width=\"700\" alt=\"Poukama, P\u00e4ij\u00e4nne\" class=\"slider-201 slide-207 msDefaultImage\" title=\"saarirakentajat.fi\" \/><\/li>\n                <li style=\"display: none; width: 100%;\" class=\"slide-213 ms-image \" aria-roledescription=\"slide\" data-date=\"2022-03-31 12:38:39\" data-filename=\"ETUSIVU-IMG_0668-scaled-700x300.jpg\" data-slide-type=\"image\"><img src=\"https:\/\/www.saarirakentajat.fi\/wp-content\/uploads\/2022\/04\/ETUSIVU-IMG_0668-scaled-700x300.jpg\" height=\"300\" width=\"700\" alt=\"Kaivinkone lautalla, P\u00e4ij\u00e4nne\" class=\"slider-201 slide-213 msDefaultImage\" title=\"saarirakentajat.fi\" \/><\/li>\n            <\/ul>\n        <\/div>\n        \n    <\/div>\n<\/div><\/div>\n\n\n\n<p class=\"has-text-align-center\" style=\"font-size:28px;font-style:normal;font-weight:900\"><strong>Maa-ainesten, polttopuiden tai rakennustarvikkeiden kuljetukset<\/strong><\/p>\n\n\n\n<div class=\"wp-container-2 wp-block-buttons\">\n<div class=\"wp-block-button aligncenter has-custom-width wp-block-button__width-75 has-custom-font-size has-medium-font-size\"><a class=\"wp-block-button__link has-background\" href=\"https:\/\/www.saarirakentajat.fi\/index.php\/yhteystiedot\/\" style=\"border-radius:100px;background-color:#fe7200;padding-top:20px;padding-right:20px;padding-bottom:20px;padding-left:20px\">Pyyd\u00e4 tarjous &gt;&gt;<\/a><\/div>\n<\/div>\n\n\n\n<p><\/p>\n\n\n\n<h2 id=\"block-be3b3d29-0a25-4657-9ca6-2bca9f64ab7c\">M\u00d6KKITALKKARI TEKEE<\/h2>\n\n\n\n<div class=\"wp-container-4 wp-block-group\"><div class=\"wp-block-group__inner-container\">\n<div class=\"wp-container-3 wp-block-group has-black-color has-text-color\"><div class=\"wp-block-group__inner-container\">\n<p class=\"has-text-align-center teksti2 has-black-color has-text-color\" style=\"font-size:28px\"><strong>M\u00f6kin rakentamisen voi tehd\u00e4 helposti my\u00f6s saareen, kun on apunasi oikea kalusto!&nbsp;<\/strong><\/p>\n\n\n\n<div class=\"wp-block-word-balloon-word-balloon-block teksti3\"><div class=\"w_b_box w_b_w100 w_b_flex w_b_div\"><div class=\"w_b_wrap w_b_wrap_talk w_b_L w_b_flex w_b_div\" style=\"\"><div class=\"w_b_bal_box w_b_bal_L w_b_relative w_b_direction_L w_b_w100 w_b_div\"><div class=\"w_b_space w_b_mp0 w_b_div\"><svg version=\"1.1\" xmlns=\"http:\/\/www.w3.org\/2000\/svg\" xmlns:xlink=\"http:\/\/www.w3.org\/1999\/xlink\" x=\"0px\" y=\"0px\" width=\"1\" height=\"25\" viewBox=\"0 0 1 1\" fill=\"transparent\" stroke=\"transparent\" stroke-miterlimit=\"10\" class=\"w_b_db w_b_mp0\"><polygon fill=\"transparent\" stroke=\"transparent\" points=\"0,1 0,1 0,1 0,1 \"\/><\/svg><\/div><div class=\"w_b_bal_outer w_b_flex w_b_mp0 w_b_relative w_b_div\" style=\"\"><div class=\"w_b_bal_wrap w_b_bal_wrap_L w_b_div\"><div class=\"w_b_bal w_b_relative w_b_talk w_b_talk_L w_b_shadow_L w_b_ta_L w_b_f_sepia w_b_div\"><div class=\"w_b_quote w_b_div\"><p>En voi aloittaa rakentamista m\u00f6kill\u00e4, koska en saa kuljetettua rakennustarvikkeita veneell\u00e4.<\/p><\/div><\/div><\/div><\/div><\/div><\/div><\/div><\/div>\n\n\n\n<div class=\"wp-block-word-balloon-word-balloon-block teksti3\"><div class=\"w_b_box w_b_w100 w_b_flex w_b_mla w_b_jc_fe w_b_div\"><div class=\"w_b_wrap w_b_wrap_talk w_b_R w_b_flex w_b_jc_fe w_b_div\" style=\"\"><div class=\"w_b_bal_box w_b_bal_R w_b_relative w_b_direction_R w_b_w100 w_b_div\"><div class=\"w_b_space w_b_mp0 w_b_div\"><svg version=\"1.1\" xmlns=\"http:\/\/www.w3.org\/2000\/svg\" xmlns:xlink=\"http:\/\/www.w3.org\/1999\/xlink\" x=\"0px\" y=\"0px\" width=\"1\" height=\"25\" viewBox=\"0 0 1 1\" fill=\"transparent\" stroke=\"transparent\" stroke-miterlimit=\"10\" class=\"w_b_db w_b_mp0\"><polygon fill=\"transparent\" stroke=\"transparent\" points=\"0,1 0,1 0,1 0,1 \"\/><\/svg><\/div><div class=\"w_b_bal_outer w_b_flex w_b_mp0 w_b_relative w_b_div\" style=\"\"><div class=\"w_b_bal_wrap w_b_bal_wrap_R w_b_div\"><div class=\"w_b_bal w_b_relative w_b_talk w_b_talk_R w_b_shadow_R w_b_ta_L w_b_f_sepia w_b_div\"><div class=\"w_b_quote w_b_div\"><p>Tilaa kuljetus fillerille, rinne- tai seulotulle hiekalle, mullalle, kuorikkeelle, rakennustarvikkeille tai pelk\u00e4lle 2,5t pienkaivinkoneelle pihat\u00f6ihin.<\/p><\/div><\/div><\/div><\/div><\/div><div class=\"w_b_ava_box w_b_relative w_b_ava_R w_b_col w_b_f_n w_b_div\"><div class=\"w_b_icon_wrap w_b_relative w_b_div\"><div class=\"w_b_ava_wrap w_b_direction_R w_b_mp0 w_b_div\"><div class=\"w_b_ava_effect w_b_relative w_b_oh w_b_border_R w_b_radius w_b_size_S w_b_div\" style=\"\">\n<img src=\"https:\/\/www.saarirakentajat.fi\/wp-content\/plugins\/word-balloon\/img\/mystery_men.svg\" width=\"64\" height=\"64\" alt=\"saarirakentajat.fi\" class=\"w_b_ava_img w_b_w100 w_b_h100  w_b_flip_h w_b_mp0 w_b_img\" style=\"\" \/>\n<\/div><\/div><\/div><div class=\"w_b_name w_b_w100 w_b_lh w_b_name_C w_b_ta_C w_b_mp0 w_b_div\">saarirakentajat.fi<\/div><\/div><\/div><\/div><\/div>\n\n\n\n<p class=\"teksti3 has-medium-font-size\">Haluaisitko saada tasaisen pihan tai t\u00e4ytemaata pihallesi? Lupasitko lapsille ja lastenlapsille, ett\u00e4 m\u00f6kill\u00e4 on upea hiekkaranta? Tilaa Saarirakentajilta maa-ainekset lomapaikallesi.<\/p>\n\n\n\n<p class=\"teksti has-medium-font-size\">Olisiko upeaa p\u00e4\u00e4st\u00e4 helpommalla t\u00e4n\u00e4 kes\u00e4n\u00e4? Oletko kyll\u00e4stynyt jatkuvaan puiden pilkkomiseen? Tilaa polttopuut meilt\u00e4 koko kes\u00e4n tarpeiksi.<br><br><\/p>\n<\/div><\/div>\n<\/div><\/div>\n\n\n\n<h2 class=\"has-text-align-center\" style=\"font-size:26px\"><strong>M\u00d6KKITALKKARI TEKEE PIKKU REMONTIT JA ON                     APUNASI&nbsp;<\/strong><\/h2>\n\n\n\n<div class=\"wp-container-5 wp-block-buttons\">\n<div class=\"wp-block-button aligncenter has-custom-width wp-block-button__width-75 has-custom-font-size has-medium-font-size\"><a class=\"wp-block-button__link has-background\" href=\"https:\/\/www.saarirakentajat.fi\/index.php\/yhteystiedot\/\" style=\"border-radius:100px;background-color:#fe7200;padding-top:20px;padding-right:20px;padding-bottom:20px;padding-left:20px\">Pyyd\u00e4 tarjous &gt;&gt;<\/a><\/div>\n<\/div>\n\n\n\n<p><\/p>\n\n\n\n<div class=\"wp-container-8 wp-block-group\" style=\"padding-top:0px;padding-right:0px;padding-bottom:0px;padding-left:0px\"><div class=\"wp-block-group__inner-container\">\n<div class=\"wp-container-7 wp-block-group\"><div class=\"wp-block-group__inner-container\">\n<div class=\"wp-container-6 wp-block-group teksti3 has-black-color has-text-color\"><div class=\"wp-block-group__inner-container\">\n<p class=\"has-text-align-center teksti2\" style=\"font-size:28px\">M\u00f6kin pit\u00e4mien ei pit\u00e4isi olla mik\u00e4\u00e4n ty\u00f6leiri, kun haluaisit lomailla!<strong>&nbsp;<\/strong><\/p>\n\n\n\n<div class=\"wp-block-word-balloon-word-balloon-block teksti3\"><div class=\"w_b_box w_b_w100 w_b_flex w_b_div\"><div class=\"w_b_wrap w_b_wrap_talk w_b_L w_b_flex w_b_div\" style=\"\"><div class=\"w_b_bal_box w_b_bal_L w_b_relative w_b_direction_L w_b_w100 w_b_div\"><div class=\"w_b_space w_b_mp0 w_b_div\"><svg version=\"1.1\" xmlns=\"http:\/\/www.w3.org\/2000\/svg\" xmlns:xlink=\"http:\/\/www.w3.org\/1999\/xlink\" x=\"0px\" y=\"0px\" width=\"1\" height=\"25\" viewBox=\"0 0 1 1\" fill=\"transparent\" stroke=\"transparent\" stroke-miterlimit=\"10\" class=\"w_b_db w_b_mp0\"><polygon fill=\"transparent\" stroke=\"transparent\" points=\"0,1 0,1 0,1 0,1 \"\/><\/svg><\/div><div class=\"w_b_bal_outer w_b_flex w_b_mp0 w_b_relative w_b_div\" style=\"\"><div class=\"w_b_bal_wrap w_b_bal_wrap_L w_b_div\"><div class=\"w_b_bal w_b_relative w_b_talk w_b_talk_L w_b_shadow_L w_b_ta_L w_b_f_sepia w_b_div\"><div class=\"w_b_quote w_b_div\"><p>Asun kaukana m\u00f6kist\u00e4ni, enk\u00e4 haluaisi kuluttaa kokonaisia p\u00e4ivi\u00e4 tai jopa koko viikkoa jonkin asian hoitamiseen m\u00f6kill\u00e4. Haluaisin my\u00f6s tiet\u00e4\u00e4 mit\u00e4 m\u00f6kill\u00e4 on tapahtunut myrskyn j\u00e4lkeen, l\u00e4htem\u00e4tt\u00e4 kuitenkaan kotoa.<\/p><\/div><\/div><\/div><\/div><\/div><\/div><\/div><\/div>\n\n\n\n<div class=\"wp-block-word-balloon-word-balloon-block teksti3\"><div class=\"w_b_box w_b_w100 w_b_flex w_b_mla w_b_jc_fe w_b_div\"><div class=\"w_b_wrap w_b_wrap_talk w_b_R w_b_flex w_b_jc_fe w_b_div\" style=\"\"><div class=\"w_b_bal_box w_b_bal_R w_b_relative w_b_direction_R w_b_w100 w_b_div\"><div class=\"w_b_space w_b_mp0 w_b_div\"><svg version=\"1.1\" xmlns=\"http:\/\/www.w3.org\/2000\/svg\" xmlns:xlink=\"http:\/\/www.w3.org\/1999\/xlink\" x=\"0px\" y=\"0px\" width=\"1\" height=\"25\" viewBox=\"0 0 1 1\" fill=\"transparent\" stroke=\"transparent\" stroke-miterlimit=\"10\" class=\"w_b_db w_b_mp0\"><polygon fill=\"transparent\" stroke=\"transparent\" points=\"0,1 0,1 0,1 0,1 \"\/><\/svg><\/div><div class=\"w_b_bal_outer w_b_flex w_b_mp0 w_b_relative w_b_div\" style=\"\"><div class=\"w_b_bal_wrap w_b_bal_wrap_R w_b_div\"><div class=\"w_b_bal w_b_relative w_b_talk w_b_talk_R w_b_shadow_R w_b_ta_L w_b_f_sepia w_b_div\"><div class=\"w_b_quote w_b_div\"><p>Pyyd\u00e4 talkkaria k\u00e4ym\u00e4\u00e4n lomapaikallasi.<\/p><\/div><\/div><\/div><\/div><\/div><div class=\"w_b_ava_box w_b_relative w_b_ava_R w_b_col w_b_f_n w_b_div\"><div class=\"w_b_icon_wrap w_b_relative w_b_div\"><div class=\"w_b_ava_wrap w_b_direction_R w_b_mp0 w_b_div\"><div class=\"w_b_ava_effect w_b_relative w_b_oh w_b_border_R w_b_radius w_b_size_S w_b_div\" style=\"\">\n<img src=\"https:\/\/www.saarirakentajat.fi\/wp-content\/plugins\/word-balloon\/img\/mystery_men.svg\" width=\"64\" height=\"64\" alt=\"saarirakentajat.fi\" class=\"w_b_ava_img w_b_w100 w_b_h100  w_b_flip_h w_b_mp0 w_b_img\" style=\"\" \/>\n<\/div><\/div><\/div><div class=\"w_b_name w_b_w100 w_b_lh w_b_name_C w_b_ta_C w_b_mp0 w_b_div\" style=\"color:#ffffff;\">saarirakentajat.fi<\/div><\/div><\/div><\/div><\/div>\n\n\n\n<p class=\"teksti3 has-medium-font-size\">Olisiko sittenkin upea p\u00e4\u00e4st\u00e4 viikonlopun viettoon, ilman ett\u00e4 joudut murehtimaan polttopuista saunaa tai takkaa varten? Tilaa ne meilt\u00e4 koko kes\u00e4n tarpeiksi.&nbsp;<\/p>\n\n\n\n<p class=\"teksti3 has-medium-font-size\">Viel\u00e4 parempi, jos joku olisi kaatanut, pilkkonut ja pinonnut sen puun valmiiksi, joka piti jo jokin aika sitten kaataa. <\/p>\n\n\n\n<p class=\"teksti has-medium-font-size\">Jos ei ole kaadettavia puita polttopuiden tekoon, niin tilaa valmiit polttopuut meilt\u00e4.<\/p>\n<\/div><\/div>\n<\/div><\/div>\n<\/div><\/div>\n\n\n\n<div class=\"wp-container-10 wp-block-group\"><div class=\"wp-block-group__inner-container\">\n<div class=\"wp-container-9 wp-block-group\"><div class=\"wp-block-group__inner-container\">\n<h2><strong>M\u00f6kkitalkkari\u202fhuolehtii m\u00f6kist\u00e4si ja m\u00f6kkisi ymp\u00e4rist\u00f6st\u00e4.&nbsp;<\/strong><\/h2>\n\n\n\n<h2>Hoidamme kaikki tarvittavat ty\u00f6t m\u00f6kill\u00e4si niin, ett\u00e4 sinulle j\u00e4\u00e4 huolehdittavaksi vain m\u00f6kist\u00e4si nauttiminen ja rentoutuminen tai voimme tulla apuk\u00e4siksi vaikka halon tekoon.<br><br><strong>M\u00f6kin pystytys tai rakennuttaminen mieless\u00e4?<\/strong><br><br>Autamme my\u00f6s m\u00f6kkisi pystytt\u00e4misess\u00e4 tai rakentamisessa.&nbsp;<br>Lautoillamme pystymme toimittamaan rakennustarvikkeet, maa-ainekset ja muut tarpeet saareen.<br><br><strong>Toimitamme my\u00f6s polttopuut kotiinne tai m\u00f6killesi!<\/strong>&nbsp;<br><br><strong>Onko pihakivi pilkottava tai kaivettava pois? <\/strong><br><br>Meill\u00e4 on  iso Hiltin poravasara kivien poraamiseen ja ammattitason kivikiilat k\u00e4yt\u00f6ss\u00e4mme.&nbsp;<\/h2>\n\n\n\n<h2 style=\"font-size:26px\"><br><em><strong>M\u00f6kkitalkkarin palveluihin kuuluu esimerkiksi:&nbsp;<\/strong><\/em><\/h2>\n\n\n\n<p class=\"teksti has-medium-font-size\"><strong>&#8211; M\u00f6kin siivoukset, ikkunoiden pesut, vesikourujen ja r\u00e4nnien puhdistukset<\/strong>&nbsp;<br><strong>&#8211; Lehtien haravoinnit<\/strong>&nbsp;<br><strong>&#8211; Nurmikon leikkuu<\/strong><br><strong>&#8211; Kivien \/ polttopuiden pilkkominen tai puiden toimitettuna valmiina<\/strong>&nbsp;<br><strong>&#8211; Laiturien rakentaminen tai ainoastaan ponttoonien muovihitsaus<\/strong>&nbsp;<br><strong>&#8211; Kattojen pesut ja sammaleen myrkytt\u00e4minen<\/strong>&nbsp;<br><br><strong>Lis\u00e4ksi toteutamme muitakin t\u00f6it\u00e4 asiakkaan toiveesta.<\/strong><br><strong>Kysy rohkeasti palveluitamme soittamalla tai l\u00e4hett\u00e4m\u00e4ll\u00e4 s\u00e4hk\u00f6postia!<\/strong><\/p>\n\n\n\n<p class=\"teksti has-luminous-vivid-orange-color has-text-color has-medium-font-size\"><strong>HUOM! Muista ett\u00e4 m\u00f6kkitalkkarin palveluista saat  kotitalousv\u00e4hennyksen!<\/strong>&nbsp;<\/p>\n<\/div><\/div>\n<\/div><\/div>\n\n\n\n<div class=\"wp-container-11 wp-block-group\"><div class=\"wp-block-group__inner-container\">\n<p><\/p>\n\n\n\n<h2><strong>Hinnoittelu<\/strong><\/h2>\n\n\n\n<p><\/p>\n\n\n\n<p class=\"teksti has-medium-font-size\">Tarjoamme palveluja P\u00e4ij\u00e4nteen alueelle (Asikkala, Padasjoki, Kuhmoinen).<br>-1 tarkistuskerta 55\u20ac (sis.Alv.24%)&nbsp;<br>-2 tarkistuskertaa kuukaudessa 100\u20ac (sis.Alv.24%)&nbsp;<\/p>\n\n\n\n<p class=\"teksti has-medium-font-size\"><br>Maansiirto Bobcatilla tai 2 \/ 2,5t kaivinkonety\u00f6t 120\u20ac\/tunti ( alv. 0%)\u00a0<br>Lauttakuljetus (max 20t\/kuorma) + lastaus ja purkuty\u00f6 150\u20ac\/tunti (sis. alv), <\/p>\n\n\n\n<p class=\"teksti has-medium-font-size\">HUOM. S\u00c4\u00c4VARAUS, emme kuljeta koneita \/ maa-aineksia yli 5m\/s tuulella<br>Rakennust\u00f6iden veloitus 70\u20ac\/tunti\/mies&nbsp;(sis. alv.)<br>My\u00f6s erillisen tarjouksen perusteella, esimerkiksi ILMAL\u00c4MP\u00d6PUMPPU asennus.&nbsp;<br><br>Lupia tai erikoist\u00f6it\u00e4 vaativiin t\u00f6ihin hy\u00f6dynn\u00e4mme kumppaniverkostoamme.<\/p>\n<\/div><\/div>\n\n\n\n<p class=\"has-medium-font-size\">Mietitytt\u00e4\u00e4k\u00f6 onko j\u00e4rvi j\u00e4\u00e4ss\u00e4 vai sulana. J\u00e4iden sulaminen vaihtelee vuosittain ja kev\u00e4tj\u00e4\u00e4t ovat petollisia jopa kokeneelle kulkijalle. Varmista etuk\u00e4teen j\u00e4\u00e4tilanne etenkin, jos olet ajelemassa pidemm\u00e4n matkat p\u00e4\u00e4st\u00e4. Voit tarkistaa satelliitin kuvien perusteella j\u00e4rven j\u00e4\u00e4tilanteen tai lumitilanteen <strong><a href=\"https:\/\/browser.dataspace.copernicus.eu\/?zoom=6&amp;lat=62.52753&amp;lng=26.66382&amp;themeId=DEFAULT-THEME&amp;visualizationUrl=https%3A%2F%2Fsh.dataspace.copernicus.eu%2Fogc%2Fwms%2F274a990e-7090-4676-8f7d-f1867e8474a7&amp;datasetId=S2_L1C_CDAS&amp;fromTime=2023-10-04T00%3A00%3A00.000Z&amp;toTime=2024-04-04T23%3A59%3A59.999Z&amp;layerId=1_TRUE_COLOR&amp;demSource3D=%22MAPZEN%22&amp;cloudCoverage=20&amp;dateMode=MOSAIC\" target=\"_blank\" rel=\"noreferrer noopener\">T\u00c4ST\u00c4 LINKIST\u00c4<\/a><\/strong>.<\/p>\n","protected":false},"excerpt":{"rendered":"<p>SAARIRAKENTAJAT OVAT APUNASI Maa-ainesten, polttopuiden tai rakennustarvikkeiden kuljetukset M\u00d6KKITALKKARI TEKEE M\u00f6kin rakentamisen voi tehd\u00e4 helposti my\u00f6s saareen, kun on apunasi oikea kalusto!&nbsp; Haluaisitko saada tasaisen pihan tai t\u00e4ytemaata pihallesi? Lupasitko lapsille ja lastenlapsille, ett\u00e4 m\u00f6kill\u00e4 on upea hiekkaranta? Tilaa Saarirakentajilta maa-ainekset lomapaikallesi. Olisiko upeaa p\u00e4\u00e4st\u00e4 helpommalla t\u00e4n\u00e4 kes\u00e4n\u00e4? Oletko kyll\u00e4stynyt jatkuvaan puiden pilkkomiseen? Tilaa polttopuut &hellip; <\/p>\n<p class=\"link-more\"><a href=\"https:\/\/www.saarirakentajat.fi\/index.php\/palvelut\/\" class=\"more-link\">Continue reading<span class=\"screen-reader-text\"> &#8220;Palvelut&#8221;<\/span><\/a><\/p>\n","protected":false},"author":1,"featured_media":0,"parent":0,"menu_order":0,"comment_status":"closed","ping_status":"closed","template":"","meta":[],"yoast_head":"<!-- This site is optimized with the Yoast SEO plugin v19.13 - https:\/\/yoast.com\/wordpress\/plugins\/seo\/ -->\n<title>Saarirakentajat - Lauttakuljetukset ja rakennusty\u00f6t P\u00e4ij\u00e4nteell\u00e4<\/title>\n<meta name=\"description\" content=\"Saarirakentajat toteuttavat maa-ainesten ja rakennustarvikkeiden kuljetukset saariin sek\u00e4 m\u00f6kkisi pienemm\u00e4t rakennusty\u00f6t\" \/>\n<meta name=\"robots\" content=\"index, follow, max-snippet:-1, max-image-preview:large, max-video-preview:-1\" \/>\n<link rel=\"canonical\" href=\"https:\/\/www.saarirakentajat.fi\/index.php\/palvelut\/\" \/>\n<meta property=\"og:locale\" content=\"en_US\" \/>\n<meta property=\"og:type\" content=\"article\" \/>\n<meta property=\"og:title\" content=\"Saarirakentajat - Lauttakuljetukset ja rakennusty\u00f6t P\u00e4ij\u00e4nteell\u00e4\" \/>\n<meta property=\"og:description\" content=\"Saarirakentajat toteuttavat maa-ainesten ja rakennustarvikkeiden kuljetukset saariin sek\u00e4 m\u00f6kkisi pienemm\u00e4t rakennusty\u00f6t\" \/>\n<meta property=\"og:url\" content=\"https:\/\/www.saarirakentajat.fi\/index.php\/palvelut\/\" \/>\n<meta property=\"og:site_name\" content=\"Saarirakentajat\" \/>\n<meta property=\"article:modified_time\" content=\"2025-08-18T12:39:59+00:00\" \/>\n<meta name=\"twitter:card\" content=\"summary_large_image\" \/>\n<meta name=\"twitter:label1\" content=\"Est. reading time\" \/>\n\t<meta name=\"twitter:data1\" content=\"3 minutes\" \/>\n<script type=\"application\/ld+json\" class=\"yoast-schema-graph\">{\"@context\":\"https:\/\/schema.org\",\"@graph\":[{\"@type\":\"WebPage\",\"@id\":\"https:\/\/www.saarirakentajat.fi\/index.php\/palvelut\/\",\"url\":\"https:\/\/www.saarirakentajat.fi\/index.php\/palvelut\/\",\"name\":\"Saarirakentajat - Lauttakuljetukset ja rakennusty\u00f6t P\u00e4ij\u00e4nteell\u00e4\",\"isPartOf\":{\"@id\":\"https:\/\/www.saarirakentajat.fi\/#website\"},\"datePublished\":\"2022-02-01T10:45:36+00:00\",\"dateModified\":\"2025-08-18T12:39:59+00:00\",\"description\":\"Saarirakentajat toteuttavat maa-ainesten ja rakennustarvikkeiden kuljetukset saariin sek\u00e4 m\u00f6kkisi pienemm\u00e4t rakennusty\u00f6t\",\"breadcrumb\":{\"@id\":\"https:\/\/www.saarirakentajat.fi\/index.php\/palvelut\/#breadcrumb\"},\"inLanguage\":\"en-US\",\"potentialAction\":[{\"@type\":\"ReadAction\",\"target\":[\"https:\/\/www.saarirakentajat.fi\/index.php\/palvelut\/\"]}]},{\"@type\":\"BreadcrumbList\",\"@id\":\"https:\/\/www.saarirakentajat.fi\/index.php\/palvelut\/#breadcrumb\",\"itemListElement\":[{\"@type\":\"ListItem\",\"position\":1,\"name\":\"Home\",\"item\":\"https:\/\/www.saarirakentajat.fi\/\"},{\"@type\":\"ListItem\",\"position\":2,\"name\":\"Palvelut\"}]},{\"@type\":\"WebSite\",\"@id\":\"https:\/\/www.saarirakentajat.fi\/#website\",\"url\":\"https:\/\/www.saarirakentajat.fi\/\",\"name\":\"Saarirakentajat\",\"description\":\"Sis\u00e4-Suomen Saarirakennus Oy\",\"potentialAction\":[{\"@type\":\"SearchAction\",\"target\":{\"@type\":\"EntryPoint\",\"urlTemplate\":\"https:\/\/www.saarirakentajat.fi\/?s={search_term_string}\"},\"query-input\":\"required name=search_term_string\"}],\"inLanguage\":\"en-US\"}]}<\/script>\n<!-- \/ Yoast SEO plugin. -->","yoast_head_json":{"title":"Saarirakentajat - Lauttakuljetukset ja rakennusty\u00f6t P\u00e4ij\u00e4nteell\u00e4","description":"Saarirakentajat toteuttavat maa-ainesten ja rakennustarvikkeiden kuljetukset saariin sek\u00e4 m\u00f6kkisi pienemm\u00e4t rakennusty\u00f6t","robots":{"index":"index","follow":"follow","max-snippet":"max-snippet:-1","max-image-preview":"max-image-preview:large","max-video-preview":"max-video-preview:-1"},"canonical":"https:\/\/www.saarirakentajat.fi\/index.php\/palvelut\/","og_locale":"en_US","og_type":"article","og_title":"Saarirakentajat - Lauttakuljetukset ja rakennusty\u00f6t P\u00e4ij\u00e4nteell\u00e4","og_description":"Saarirakentajat toteuttavat maa-ainesten ja rakennustarvikkeiden kuljetukset saariin sek\u00e4 m\u00f6kkisi pienemm\u00e4t rakennusty\u00f6t","og_url":"https:\/\/www.saarirakentajat.fi\/index.php\/palvelut\/","og_site_name":"Saarirakentajat","article_modified_time":"2025-08-18T12:39:59+00:00","twitter_card":"summary_large_image","twitter_misc":{"Est. reading time":"3 minutes"},"schema":{"@context":"https:\/\/schema.org","@graph":[{"@type":"WebPage","@id":"https:\/\/www.saarirakentajat.fi\/index.php\/palvelut\/","url":"https:\/\/www.saarirakentajat.fi\/index.php\/palvelut\/","name":"Saarirakentajat - Lauttakuljetukset ja rakennusty\u00f6t P\u00e4ij\u00e4nteell\u00e4","isPartOf":{"@id":"https:\/\/www.saarirakentajat.fi\/#website"},"datePublished":"2022-02-01T10:45:36+00:00","dateModified":"2025-08-18T12:39:59+00:00","description":"Saarirakentajat toteuttavat maa-ainesten ja rakennustarvikkeiden kuljetukset saariin sek\u00e4 m\u00f6kkisi pienemm\u00e4t rakennusty\u00f6t","breadcrumb":{"@id":"https:\/\/www.saarirakentajat.fi\/index.php\/palvelut\/#breadcrumb"},"inLanguage":"en-US","potentialAction":[{"@type":"ReadAction","target":["https:\/\/www.saarirakentajat.fi\/index.php\/palvelut\/"]}]},{"@type":"BreadcrumbList","@id":"https:\/\/www.saarirakentajat.fi\/index.php\/palvelut\/#breadcrumb","itemListElement":[{"@type":"ListItem","position":1,"name":"Home","item":"https:\/\/www.saarirakentajat.fi\/"},{"@type":"ListItem","position":2,"name":"Palvelut"}]},{"@type":"WebSite","@id":"https:\/\/www.saarirakentajat.fi\/#website","url":"https:\/\/www.saarirakentajat.fi\/","name":"Saarirakentajat","description":"Sis\u00e4-Suomen Saarirakennus Oy","potentialAction":[{"@type":"SearchAction","target":{"@type":"EntryPoint","urlTemplate":"https:\/\/www.saarirakentajat.fi\/?s={search_term_string}"},"query-input":"required name=search_term_string"}],"inLanguage":"en-US"}]}},"_links":{"self":[{"href":"https:\/\/www.saarirakentajat.fi\/index.php\/wp-json\/wp\/v2\/pages\/12"}],"collection":[{"href":"https:\/\/www.saarirakentajat.fi\/index.php\/wp-json\/wp\/v2\/pages"}],"about":[{"href":"https:\/\/www.saarirakentajat.fi\/index.php\/wp-json\/wp\/v2\/types\/page"}],"author":[{"embeddable":true,"href":"https:\/\/www.saarirakentajat.fi\/index.php\/wp-json\/wp\/v2\/users\/1"}],"replies":[{"embeddable":true,"href":"https:\/\/www.saarirakentajat.fi\/index.php\/wp-json\/wp\/v2\/comments?post=12"}],"version-history":[{"count":41,"href":"https:\/\/www.saarirakentajat.fi\/index.php\/wp-json\/wp\/v2\/pages\/12\/revisions"}],"predecessor-version":[{"id":520,"href":"https:\/\/www.saarirakentajat.fi\/index.php\/wp-json\/wp\/v2\/pages\/12\/revisions\/520"}],"wp:attachment":[{"href":"https:\/\/www.saarirakentajat.fi\/index.php\/wp-json\/wp\/v2\/media?parent=12"}],"curies":[{"name":"wp","href":"https:\/\/api.w.org\/{rel}","templated":true}]}}